4). Suppose -z = -7*z - b. Let x = z + 400. List the prime factors of x.
3, 5, 11
Let x(j) = 2*j**2 + 3*j - 31. Let a be x(-5). Suppose a*w = 5*p - 3639, 4*w = 2*p - 0*w - 1446. What are the prime factors of p?
17, 43
Let j(h) = -59 + 50*h + 136*h + 67*h + 69*h - 85. What are the prime factors of j(5)?
2, 733
Let d(g) = -g**2 + 10*g - 16. Let q be d(12). Let f = q - -39. List the prime factors of 1 - -4 - 2 - (-193 - f).
3, 5, 13
Let d = 20333 + 27915. List the prime factors of d.
2, 37, 163
Suppose -13*r - 388*r + 9716502 = -2006733. List the prime factors of r.
3, 5, 1949
Suppose 0 = -f - 3*f - 56. What are the prime factors of 2/f + -3 + 26884/28?
3, 11, 29
Let q(h) = 8672*h**3 + 5*h**2 + 3*h. Let w be q(3). List the prime factors of 2 + 48/(-27) - w/(-243).
2, 241
Suppose y - 5*n - 852 = 0, y - 491 - 355 = 3*n. Suppose -y = -16*k + 2891. List the prime factors of k.
233
Suppose 4*k + 42260 = 121876. Suppose 70*h - k = 10476. What are the prime factors of h?
2, 7, 31
Suppose -3*b = 2*i - 17795 - 6615, -32546 = -4*b - 3*i. List the prime factors of b.
2, 13, 313
Suppose 4111 - 121 = 7*k. Let b = -287 + k. What are the prime factors of b?
283
Suppose 735 = -2*f + 51*f. Suppose -5*q + 958 = 4*j, -11*q + f*q - 785 = 3*j. List the prime factors of q.
2, 97
Let z = 89 + -81. Suppose z*w + 4*w = -480. Let h = 202 + w. List the prime factors of h.
2, 3
Suppose -h + 0*h + 14 = 0. Suppose 5*s + h = 3*z, s + 7 = -z + 3*z. Suppose -3*n = -2*a + 138, -z*n + 2*n + 185 = 3*a. What are the prime factors of a?
3, 7
Let a(p) = 12*p - 3. Let u be a(4). Suppose u = 11*t - 10*t. Suppose -50*y + t*y = -170. List the prime factors of y.
2, 17
Suppose -2799 - 2136 = -7*p. Suppose -670 = -5*x - 2*m, -7*x + p = -2*x - 5*m. Suppose -2*k = 2 - x. List the prime factors of k.
67
Suppose 32*c + 23752 = 116883 + 30613. What are the prime factors of c?
3, 1289
Let c(x) = -10*x**3 - 42*x**2 - 115*x - 396. Let k(y) = 7*y**3 + 27*y**2 + 77*y + 264. Let j(s) = 5*c(s) + 7*k(s). What are the prime factors of j(-20)?
2, 47
Let x be (-2)/(-1) + 19/(76/4616). Let l = x + -657. What are the prime factors of l?
499
Suppose 21*f = 31 - 31. Suppose 2 = -u, f*u - 985 = -q + 3*u. What are the prime factors of q?
11, 89
Let w(x) = 21*x**3 + 13*x**2 - 57*x + 426. What are the prime factors of w(9)?
3, 5, 7, 31
Let b(j) = 2031 + 3*j**2 - 2105 + 3*j + 2*j**2 - 4*j**2. List the prime factors of b(25).
2, 313
Suppose -10 = -3*h + g, 4*h - 4*g - 29 = -5. Suppose 0 = -4*j - 14 - h, -3*k = 5*j - 2251. List the prime factors of k.
757
Suppose 4*g - 2*q + 5*q - 34858 = 0, -4*g = 4*q - 34856. List the prime factors of g.
2, 2179
Let s(r) = -9*r**2 - 24*r - 28. Let i(w) = -17*w**2 - 49*w - 55. Let v(y) = 3*i(y) - 7*s(y). List the prime factors of v(10).
11, 131
Suppose -135*d + 799896 + 485414 + 2432320 = 0. What are the prime factors of d?
2, 7, 281
Suppose 0*p + 4*p - v = 1, 15 = 3*p + 4*v. Let u(y) = -9 - 6*y**2 + 19*y**2 + p - 12*y**2. What are the prime factors of u(10)?
2, 23
What are the prime factors of 22 - 27 - 133763/(-7)?
2, 3, 199
Let v = -95 - -99. Let y(r) = -8*r + 58. Let i(s) = -3*s + 19. Let p(g) = -16*i(g) + 5*y(g). List the prime factors of p(v).
2, 3
Let x(b) = 6*b - 36 + 0*b - 2*b**3 - 35 + 75 - b**2. Let f be (-1)/(-4) - (-39)/(-12). What are the prime factors of x(f)?
31
Let v = 20 - 24. Let k be 2 + v + 16 + -3. Let g(n) = n**3 - 11*n**2 + 2*n - 13. List the prime factors of g(k).
3
What are the prime factors of (24 + (-5808)/32)*(-364)/5?
2, 3, 7, 13
Let r = -52 + 51. List the prime factors of (32/12 - 6)/(r/126).
2, 3, 5, 7
Suppose 0 = 28*f - 326002 - 217926. What are the prime factors of f?
2, 11, 883
Suppose 3*f + 14 - 17 = 0. Let d(l) = 5*l**2 + 9. Let z(m) = -m. Let n(o) = f*d(o) - 3*z(o). List the prime factors of n(4).
101
Let p(i) = 52*i**2 + 2*i + 3. Let o(l) = -1. Let y(g) = 53*g**2 + g + 4. Let k(n) = 2*o(n) + y(n). Let w(v) = 5*k(v) - 4*p(v). List the prime factors of w(-2).
2, 29
Let n(a) = a**2 - 4*a - 15. Let i(p) = 4*p - 9. Let k be i(4). Let s be n(k). What are the prime factors of (-2)/s + 32/(-12) - -98?
5, 19
Suppose 4*o - 143477 = a, 576*o + 2*a = 579*o - 107609. List the prime factors of o.
35869
Let o = 5073 + -2928. List the prime factors of o.
3, 5, 11, 13
Suppose 5*j - 270465 = -5*b, -5*b - 4*j + 9535 = -260922. List the prime factors of b.
5, 29, 373
Suppose -2*y + 14496 = 4158. What are the prime factors of y?
3, 1723
Let h(r) = 54*r**2 - 39*r + 950. What are the prime factors of h(15)?
5, 2503
Let g = 23765 + -20715. List the prime factors of g.
2, 5, 61
Let y = 5842 + 28257. What are the prime factors of y?
13, 43, 61
Let r = -111 - -112. Let c be 48/(-24) + (1 - r) + -2. What are the prime factors of (-3)/c*6 - (-4)/8?
5
Suppose p + 3*p - 12215 = 745. What are the prime factors of p?
2, 3, 5
Let l(x) = -215*x**2 - 7*x - 4. Let g be l(-2). Let d = 1838 + g. What are the prime factors of d?
2, 13, 19
Let r = 1721 - 160. Suppose 4*l - b = -r + 5915, -1079 = -l + 5*b. List the prime factors of l.
3, 11
Let b = 5138 + -2975. List the prime factors of b.
3, 7, 103
Let w be (-17 - -13) + 4*2. Suppose a = -5*v - 0*a + 16, -v - 1 = -w*a. Suppose -5*x - v*x = -616. List the prime factors of x.
7, 11
Suppose 0 = -3*t + 3, -3*z + 0*t + t = -614. Suppose 81 = 13*f - z. Suppose 3*o + 23 = h, 38 = 4*h + 4*o - f. What are the prime factors of h?
17
Let w = -603 + 3636. List the prime factors of w.
3, 337
Let y(t) = t**2 - 2*t - 81. Let a be y(9). What are the prime factors of (12/a)/(1*(-6)/2259)?
251
Let v(h) = 11*h - 32*h**2 + 2*h + 29*h**2. Let r be v(4). List the prime factors of (-1 + (-62)/r)*(-4 + 2).
3, 11
Let s = 28264 + -12761. What are the prime factors of s?
37, 419
Suppose 0 = -3*g + 10*p - 5*p - 50, 4*g = -5*p - 90. What are the prime factors of 628/5 + 12/g?
5
Let r = 35 - 137. Let u = r + 392. What are the prime factors of u?
2, 5, 29
Suppose -144 + 139 = -c. Suppose 3*v + 59 = 2*q, 0 = -3*q + 4*v - c*v + 72. List the prime factors of -1 - (q/5 + -30).
2, 3
Let k = -93 - -135. Let f(t) = -19*t - 192. Let v be f(-10). Let q = k + v. List the prime factors of q.
2, 5
Let t = 10601 - 2322. Suppose -5*r + 9*j = 5*j - t, j = 4*r - 6632. What are the prime factors of r?
3, 7, 79
Let t be (170/(-102))/((-1)/3). Suppose 2*b + 7*h - 2344 = t*h, h = -5. What are the prime factors of b?
11, 107
Let c be (5/25)/(4/20). Let u(r) = 538*r**2 - 2*r + 5. List the prime factors of u(c).
541
Let v(b) = -34 + 9*b - 15*b**2 + 8*b**3 - 12*b**3 + 3*b**3. List the prime factors of v(-18).
2, 97
Let r = 7321 - 5292. What are the prime factors of r?
2029
Suppose 2*z = -8, 4*c + 3*z + 6 = c. Let x be c*(1/3)/(4/(-6)). List the prime factors of -2 - 1 - (x + -50).
2, 3
Let g(s) = s**3 + 2*s**2 + 1. Let d be g(-1). What are the prime factors of (-724)/(-4)*(1 + d)?
3, 181
Let y be (-993)/(-6)*2*1. Suppose v - 2*x + 5 = 0, -5*v - 4*x + 23 = -8. Suppose -15 = v*r, 3*w + 2*r - r - y = 0. List the prime factors of w.
2, 7
Let c be 16*(14/40 - 12/(-30)). Suppose 6*o + c = 3*o, -5*z - 4*o = 51. What are the prime factors of (2 + z)*-2*15/6?
5
Let v be 2/7 - 1077/21. Let p = v - -83. List the prime factors of p.
2
Suppose -42*f - 25685 + 832686 = -644561. What are the prime factors of f?
17, 19, 107
Let b(z) = z**3 - 15*z**2 - 390*z - 372. What are the prime factors of b(38)?
2, 5, 17, 53
Let q = 263 + -245. Suppose 0 = -27*p + q*p + 1953. List the prime factors of p.
7, 31
Suppose 2*g - 5*f = 931, 3*g - 5*f = -4*f + 1377. Let n = g + -156. Suppose n = 4*v + 7*m - 2*m, -4*v + 310 = m. List the prime factors of v.
2, 3, 13
Suppose m - 2*s + 7*s = 8, 4*m - 3*s + 14 = 0. Let z = 37 + 89. List the prime factors of m*4/(-6) - (-27426)/z.
3, 73
Let l(i) = 169*i + 2467. What are the prime factors of l(9)?
2, 997
Suppose -34*m - 1031775 = -79*m - 30*m. What are the prime factors of m?
13757
List the prime factors of (1 + -688)/((-18)/657) + 9/(-6).
2, 3, 7, 199
Let t = -926 - -1872. Suppose 13*b - 2365 = -5*m + 10*b, -2*m + 2*b = -t. List the prime factors of m.
11, 43
Suppose -194*k + 106*k + 4919112 = 0. List the prime factors of k.
3, 6211
Let d(g) = -g**3 - 4*g**2 + g + 4. Let b be d(-4). Suppose m + 4*m - 20 = 0, 5*r - 3*m + 2 = b. What are the prime factors of (216/r)/(4 - 25